ens digit of 25249?
4
What is the hundreds digit of 3535?
5
What is the tens digit of 174?
7
What is the hundreds digit of 5622?
6
What is the units digit of 1151?
1
What is the hundreds digit of 5188?
1
What is the ten thousands digit of 17319?
1
What is the thousands digit of 8993?
8
What is the units digit of 6672?
2
What is the hundreds digit of 701?
7
What is the units digit of 959?
9
What is the thousands digit of 2862?
2
What is the units digit of 6484?
4
What is the tens digit of 579?
7
What is the thousands digit of 5318?
5
What is the ten thousands digit of 133637?
3
What is the hundreds digit of 30065?
0
What is the tens digit of 90?
9
What is the units digit of 15?
5
What is the units digit of 729?
9
What is the hundreds digit of 11977?
9
What is the hundreds digit of 1160?
1
What is the tens digit of 971?
7
What is the ten thousands digit of 38360?
3
What is the units digit of 1940?
0
What is the hundreds digit of 710?
7
What is the thousands digit of 7058?
7
What is the tens digit of 47710?
1
What is the thousands digit of 7664?
7
What is the units digit of 8274?
4
What is the units digit of 1096?
6
What is the hundreds digit of 228?
2
What is the units digit of 997?
7
What is the thousands digit of 8232?
8
What is the units digit of 8365?
5
What is the hundreds digit of 627?
6
What is the hundreds digit of 18253?
2
What is the hundreds digit of 12299?
2
What is the tens digit of 8935?
3
What is the hundreds digit of 60887?
8
What is the thousands digit of 18687?
8
What is the hundreds digit of 25460?
4
What is the ten thousands digit of 22331?
2
What is the tens digit of 1863?
6
What is the tens digit of 5802?
0
What is the tens digit of 1815?
1
What is the thousands digit of 3328?
3
What is the tens digit of 837?
3
What is the thousands digit of 1683?
1
What is the units digit of 15?
5
What is the hundreds digit of 1655?
6
What is the hundreds digit of 119?
1
What is the hundreds digit of 356?
3
What is the ten thousands digit of 34781?
3
What is the thousands digit of 20490?
0
What is the tens digit of 62614?
1
What is the units digit of 1742?
2
What is the tens digit of 563?
6
What is the tens digit of 1106?
0
What is the thousands digit of 2521?
2
What is the ten thousands digit of 41716?
4
What is the units digit of 1027?
7
What is the thousands digit of 7419?
7
What is the thousands digit of 162275?
2
What is the tens digit of 1546?
4
What is the hundreds digit of 20694?
6
What is the tens digit of 21473?
7
What is the tens digit of 13829?
2
What is the thousands digit of 16424?
6
What is the hundreds digit of 3809?
8
What is the tens digit of 33958?
5
What is the tens digit of 95148?
4
What is the thousands digit of 3246?
3
What is the hundred thousands digit of 139067?
1
What is the units digit of 21940?
0
What is the units digit of 1573?
3
What is the hundreds digit of 12371?
3
What is the hundreds digit of 315?
3
What is the units digit of 999?
9
What is the units digit of 20?
0
What is the thousands digit of 1520?
1
What is the hundreds digit of 10075?
0
What is the tens digit of 896?
9
What is the hundreds digit of 208?
2
What is the tens digit of 1128?
2
What is the ten thousands digit of 20797?
2
What is the thousands digit of 8678?
8
What is the hundred thousands digit of 142476?
1
What is the hundreds digit of 29730?
7
What is the hundreds digit of 423?
4
What is the ten thousands digit of 28240?
2
What is the hundreds digit of 1228?
2
What is the hundreds digit of 19267?
2
What is the thousands digit of 66871?
6
What is the units digit of 12124?
4
What is the thousands digit of 9265?
9
What is the tens digit of 6795?
9
What is the tens digit of 40038?
3
What is the units digit of 2588?
8
What is the thousands digit of 1626?
1
What is the tens digit of 249?
4
What is the ten thousands digit of 44678?
4
What is the units digit of 20250?
0
What is the thousands digit of 4357?
4
What is the hundreds digit of 3533?
5
What is the tens digit of 1431?
3
What is the units digit of 1291?
1
What is the thousands digit of 3540?
3
What is the units digit of 1719?
9
What is the tens digit of 749?
4
What is the ten thousands digit of 70726?
7
What is the tens digit of 29481?
8
What is the tens digit of 135784?
8
What is the tens digit of 19978?
7
What is the tens digit of 901?
0
What is the tens digit of 1799?
9
What is the hundreds digit of 1057?
0
What is the hundreds digit of 1580?
5
What is the hundreds digit of 689?
6
What is the thousands digit of 2941?
2
What is the units digit of 2123?
3
What is the hundreds digit of 1073?
0
What is the hundreds digit of 489?
4
What is the thousands digit of 2985?
2
What is the thousands digit of 4779?
4
What is the units digit of 1958?
8
What is the hundreds digit of 36008?
0
What is the tens digit of 1657?
5
What is the tens digit of 14760?
6
What is the tens digit of 2831?
3
What is the thousands digit of 1636?
1
What is the ten thousands digit of 30324?
3
What is the units digit of 65060?
0
What is the hundreds digit of 30395?
3
What is the hundreds digit of 1336?
3
What is the hundreds digit of 814?
8
What is the tens digit of 1169?
6
What is the tens digit of 442?
4
What is the ten thousands digit of 11164?
1
What is the tens digit of 837?
3
What is the tens digit of 4289?
8
What is the units digit of 6868?
8
What is the hundreds digit of 3876?
8
What is the tens digit of 1629?
2
What is the hundreds digit of 11005?
0
What is the thousands digit of 5341?
5
What is the hundreds digit of 15797?
7
What is the hundreds digit of 739?
7
What is the units digit of 861?
1
What is the tens digit of 2512?
1
What is the thousands digit of 1652?
1
What is the tens digit of 1004?
0
What is the tens digit of 921?
2
What is the tens digit of 48196?
9
What is the hundreds digit of 6629?
6
What is the hundreds digit of 14126?
1
What is the hundreds digit of 4713?
7
What is the thousands digit of 39373?
9
What is the hundreds digit of 13713?
7
What is the hundreds digit of 25043?
0
What is the tens digit of 91?
9
What is the units digit of 1250?
0
What is the tens digit of 1004?
0
What is the thousands digit of 1957?
1
What is the ten thousands digit of 19207?
1
What is the hundreds digit of 2521?
5
What is the thousands digit of 2246?
2
What is the thousands digit of 2487?
2
What is the units digit of 1741?
1
What is the hundreds digit of 9545?
5
What is the tens digit of 10096?
9
What is the thousands digit of 2108?
2
What is the ten thousands digit of 26492?
2
What is the units digit of 6879?
9
What is the tens digit of 2624?
2
What is the thousands digit of 2986?
2
What is the hundreds digit of 1335?
3
What is the thousands digit of 2796?
2
What is the ten thousands digit of 24938?
2
What is the units digit of 80863?
3
What is the tens digit of 5468?
6
What is the tens digit of 277?
7
What is the units digit of 1248?
8
What is the hundreds digit of 3646?
6
What is the units digit of 21291?
1
What is the hundreds digit of 6558?
5
What is the tens digit of 4773?
7
What is the hundreds digit of 6705?
7
What is the ten thousands digit of 68841?
6
What is the tens digit of 583?
8
What is the ten thousands digit of 55132?
5
What is the hundreds digit of 34464?
4
What is the hundreds digit of 1554?
5
What is the thousands digit of 17362?
7
What is the hundreds digit of 12004?
0
What is the units digit of 8406?
6
What is the units digit of 2?
2
What is the tens digit of 721?
2
What is the units digit of 15717?
7
What is the tens digit of 412?
1
What is the tens digit of 2637?
3
What is the units digit of 518?
8
What is the tens digit of 14087?
8
What is the tens digit of 4303?
0
What is the units digit of 175591?
1
What is the thousands digit of 1022?
1
What is the units digit of 451?
1
What is the hundreds digit of 9092?
0
What is the tens digit of 882?
8
What is the hundreds digit of 29912?
9
What is the tens digit of 2752?
5
What is the units digit of 2318?
8
What is the tens digit of 18332?
3
What is the thousands digit of 49789?
9
What is the hundreds digit of 21914?
9
What is the tens digit of 87859?
5
What is the hundreds digit of 2527?
5
What is the units digit of 4668?
8
What is the tens digit of 624?
2
What is the units digit of 727?
7
What is the thousands digit of 18995?
8
What is the